45 + -ba?
116858
In base 13, what is -2 + 154a573?
154a571
In base 14, what is 83d504b + 6?
83d5053
In base 11, what is 5623 + 36?
5659
In base 8, what is 22 - -3430573?
3430615
In base 12, what is 8 - -646081a?
6460826
In base 10, what is 18278 + -1060?
17218
In base 7, what is -253606 - -102?
-253504
In base 10, what is -113611 + -1?
-113612
In base 10, what is 86 + 348405?
348491
In base 4, what is 1012100 - -3010201?
10022301
In base 16, what is -6 + a7521d?
a75217
In base 6, what is -31112140 + 0?
-31112140
In base 15, what is 1b - -2766d6?
276702
In base 7, what is -16 + 106534536?
106534520
In base 3, what is 2002210022020002 - 1010?
2002210022011222
In base 14, what is -46 - 56984?
-569ca
In base 4, what is 22100330000 - -31?
22100330031
In base 15, what is -889 + 11ec?
863
In base 11, what is -27525 + -9?
-27533
In base 5, what is -103 - -4030104040?
4030103432
In base 12, what is 550bbb6 + 9?
5510003
In base 11, what is 11649a149 + 0?
11649a149
In base 15, what is 0 - -97276a?
97276a
In base 11, what is -188284 + -1?
-188285
In base 3, what is -2101100211 + -12201210?
-2121002121
In base 14, what is 215 + a643?
a858
In base 14, what is 4562 + -6a?
44d6
In base 2, what is 11101011000111101 + -110001?
11101011000001100
In base 6, what is -1 - -21350012334?
21350012333
In base 16, what is 436f + -32c9?
10a6
In base 3, what is -211001220 - -100120001?
-110111212
In base 9, what is 1576737 - -5?
1576743
In base 15, what is -26 + -e52b9?
-e52e0
In base 14, what is 14 - 9a9d3?
-9a9bd
In base 3, what is 121210210 - -10021210?
202002120
In base 3, what is -10011200112 + 1200?
-10011121212
In base 15, what is -2d + -217b856?
-217b884
In base 14, what is 106 + -b04b?
-ad45
In base 16, what is -87356 - 10?
-87366
In base 2, what is -10010000011100100 - 10101000?
-10010000110001100
In base 7, what is -10655 - 1114?
-12102
In base 3, what is -1 + 12012221220122?
12012221220121
In base 4, what is 2002320133 - 1003?
2002313130
In base 9, what is 246 - 1454342?
-1454085
In base 14, what is -12d4a80 - 5?
-12d4a85
In base 8, what is 31 - 3625776?
-3625745
In base 13, what is -14a571c5 + 6?
-14a571bc
In base 9, what is 23574761 + 4?
23574765
In base 13, what is c355 + 2a69?
120c1
In base 3, what is 11000010 - 20122101120?
-20111101110
In base 12, what is 20 + 7554?
7574
In base 16, what is -9422 - -987?
-8a9b
In base 11, what is -1 - 83537?
-83538
In base 16, what is -9e4b3 + 17?
-9e49c
In base 11, what is 322460 + -1196?
321275
In base 2, what is -11001110111 + 1101001?
-11000001110
In base 16, what is -105f33 + -10?
-105f43
In base 6, what is 222 - 31234311?
-31234045
In base 2, what is 0 - 1001000110111011111111110?
-1001000110111011111111110
In base 13, what is 2575 - -950?
31c5
In base 6, what is 4221 - -1032034?
1040255
In base 4, what is 21 + 23021033?
23021120
In base 10, what is 614495 - 678?
613817
In base 4, what is 11100 - 1002031032?
-1002013332
In base 6, what is -2535131240 + 1?
-2535131235
In base 15, what is -14 + -228ea5?
-228eb9
In base 2, what is 1011010010 + -101110100000?
-100011001110
In base 14, what is -73ab6 - -31d?
-73797
In base 10, what is -6337990 - 0?
-6337990
In base 11, what is 1326 + 25043?
26369
In base 2, what is 11 - -11010001110100011101001?
11010001110100011101100
In base 3, what is -210010220001 - -10?
-210010212221
In base 4, what is 2103 + 20013131330?
20013200033
In base 5, what is -2 + 1014413334?
1014413332
In base 2, what is 10110110010000010011100100 + 100?
10110110010000010011101000
In base 14, what is 2987 - 7980?
-4dd7
In base 12, what is 56236 - -10?
56246
In base 5, what is 334 - -10340014?
10340403
In base 14, what is -14c - -20b02?
20994
In base 11, what is 320 - 4992?
-4672
In base 4, what is -11 - 3111333232?
-3111333303
In base 7, what is -12253550 - -11?
-12253536
In base 4, what is 13323 - 2210000?
-2130011
In base 3, what is -21201011010212 + 22?
-21201011010120
In base 14, what is -29088 + 5bd?
-288a9
In base 13, what is 4 - 124c62?
-124c5b
In base 14, what is -4c + 7a1b7c?
7a1b30
In base 16, what is 11e + -22845?
-22727
In base 8, what is 670107 + -2420?
665467
In base 12, what is 2798a4220 - 1?
2798a421b
In base 10, what is 213 + 84443?
84656
In base 10, what is 19 - -3031719?
3031738
In base 13, what is a511 - a2?
a43c
In base 5, what is 1224 - -3131133102?
3131134331
In base 4, what is -120113 + 330202333?
330022220
In base 16, what is 46f20 + 1b?
46f3b
In base 13, what is -240994a63 + 4?
-240994a5c
In base 6, what is 5 + -23520321233?
-23520321224
In base 8, what is 32620062 - 4?
32620056
In base 12, what is 173 - b32b4?
-b3141
In base 12, what is -64 - -7004b2?
70044a
In base 15, what is -106 - a9094?
-a919a
In base 3, what is -112210 - -1222020110?
1221200200
In base 2, what is -11011110111010101000 + -100011?
-11011110111011001011
In base 6, what is -10 - 11011340?
-11011350
In base 13, what is -88 - -b4ac3?
b4a38
In base 7, what is -3 - 166250544?
-166250550
In base 15, what is 34b4c68 - -b?
34b4c74
In base 3, what is 1200100001 - -101011?
1200201012
In base 13, what is -a0 - -1c25c0?
1c2520
In base 10, what is 8262 - -3446?
11708
In base 6, what is 5443 + 2025044?
2034531
In base 6, what is 5203 - 1002?
4201
In base 15, what is -17 - -56ad34?
56ad1c
In base 7, what is -30166425 - 24?
-30166452
In base 16, what is -db - -de2a4?
de1c9
In base 16, what is e - 63bdbd?
-63bdaf
In base 12, what is 2 - -a23712?
a23714
In base 9, what is 3864751 + -4?
3864746
In base 16, what is a8d + c99?
1726
In base 12, what is -b64b57 + 14?
-b64b43
In base 8, what is 3324 + -6724?
-3400
In base 14, what is -b7ad + 2515?
-9298
In base 16, what is -5c1 + 514?
-ad
In base 2, what is -10010000010000 - 110101000000111?
-1000111000010111
In base 10, what is -154 - -17319?
17165
In base 3, what is -1110122122222011200 - -12?
-1110122122222011111
In base 7, what is 326 - 3321046?
-3320420
In base 4, what is -322010303002 - 0?
-322010303002
In base 5, what is 32 + -41421312441?
-41421312404
In base 3, what is -10110002 - 1020211?
-11200220
In base 14, what is -446827 + 1?
-446826
In base 3, what is -120 - 201201012120?
-201201020010
In base 10, what is 11 - 43094039?
-43094028
In base 12, what is -17b7129 + 34?
-17b70b5
In base 2, what is 1001 - 10000100111010111010111?
-10000100111010111001110
In base 12, what is 8a2 + 5b47?
6829
In base 3, what is -21100102 - -10100001?
-11000101
In base 2, what is 10110111010001111010000 + 1111?
10110111010001111011111
In base 10, what is -10267166 + 11?
-10267155
In base 13, what is 3 - -1c342cb?
1c34301
In base 7, what is 4 - -32633016?
32633023
In base 2, what is 101000100101011100 + 1001?
101000100101100101
In base 9, what is -52 + 13802?
13740
In base 8, what is -100011 - -225?
-77564
In base 16, what is 81e0e - 2e?
81de0
In base 10, what is 724208155 + -2?
724208153
In base 16, what is -1df97 - -284e?
-1b749
In base 3, what is 112210 + 101120010?
102002220
In base 15, what is 1 + -1317114?
-1317113
In base 16, what is -5 + f872b2b?
f872b26
In base 3, what is -10222 - -1022110211?
1022022212
In base 3, what is -20 - 1002012200200?
-1002012200220
In base 8, what is 0 + 100452650?
100452650
In base 6, what is -10441015 - -12?
-10441003
In base 3, what is 2200120 - -1112222021?
1122122211
In base 4, what is 11133 + 2111103?
2122302
In base 6, what is 3002030 - -1511?
3003541
In base 13, what is -b99 - 1b4?
-1080
In base 9, what is 20 + -14885116?
-14885086
In base 9, what is 7048470 + -77?
7048382
In base 9, what is 2524015 - 6?
2524008
In base 2, what is -1011 - -100011100111010000?
100011100111000101
In base 8, what is -5423673 - -41?
-5423632
In base 12, what is 159876a7 - 3?
159876a4
In base 10, what is -123621 + -72?
-123693
In base 9, what is 8143863 - -5?
8143868
In base 10, what is 5 - 7428748?
-7428743
In base 15, what is -5 - -250d6ec?
250d6e7
In base 11, what is -20506686 - 5?
-20506690
In base 14, what is 0 + a59d447?
a59d447
In base 4, what is -1003 - 30310331030?
-30310332033
In base 9, what is -3 - 71005233?
-71005236
In base 2, what is 1000011 + 100010001010001011110?
100010001010010100001
In base 6, what is 100020450012 - -1?
100020450013
In base 7, what is -101160464 - 5?
-101160502
In base 16, what is -18f101b5 - -3?
-18f101b2
In base 6, what is -140 